 - 9, 0 = -4*q - 2*m + 10. Calculate the highest common factor of q and z.
3
Suppose 3657 = 5*k - 303. Suppose -5*d = -4*g + 416, 62*d + 91 = g + 64*d. Calculate the highest common factor of g and k.
99
Let o = 48372 - 33279. Calculate the highest common divisor of 26 and o.
13
Let n = -412 + 418. Suppose p + 3521 = -3*z + n*z, -p = 3*z - 3529. What is the highest common divisor of 47 and z?
47
Suppose -7*t + 778 - 78 = 0. Let g be -4*(99/(-12) + 2). What is the greatest common factor of g and t?
25
Suppose -5*h + 305 = 3*b, -314 = -5*b - h + 187. Let i = -434 - -428. Let a = i + 46. What is the greatest common factor of a and b?
20
Let r(i) = i**3 + 4*i**2 - 9*i - 10. Let n be r(-5). Suppose 4*t + 7*a = 132 + 155, -t - 3*a = -73. Calculate the greatest common factor of n and t.
10
Let w be 13/((-65)/(-15))*6. Calculate the greatest common factor of w and 33.
3
Suppose -3*i - 178*c + 177*c + 1050 = 0, 1750 = 5*i + 5*c. Calculate the highest common divisor of 280 and i.
70
Suppose 0 = 5*m - 4*k - 215, 3*m + m - 3*k = 171. Let y = -810 + 828. Let n be y/(9 - 0)*13. What is the highest common factor of n and m?
13
Suppose -770 = -4*w + 2*m, -382 = w - 3*w - 2*m. Suppose -4*u + 4*t = -1032, 2*u - 4*t - 403 = 117. What is the greatest common divisor of w and u?
64
Suppose -4*z + 5*b + 1719 = 0, -3*z - 98*b = -94*b - 1266. Calculate the highest common divisor of z and 30.
6
Let f(d) = -128*d**2 + 1. Let w be f(1). Suppose 3*m = -6 + 21. Let c be m + (-1 - w) - 1. What is the greatest common factor of c and 52?
26
Let g be (-13)/(-130)*10 + (5 - 0). What is the highest common divisor of g and 276?
6
Suppose 0 = 172*a - 4191 - 1657. What is the greatest common divisor of a and 62?
2
Let f = -17359 - -17366. Let i(j) = 203*j**2 - j - 1. Let k be i(-1). Calculate the highest common divisor of f and k.
7
Let t(r) = -2*r**3 - r**2 - 7*r - 6. Let h be t(-4). Let a = h + -124. Calculate the greatest common factor of 140 and a.
10
Suppose 4*j = -d - 25, 12 = -3*j + 4*d - 2. Let f(w) = -3*w**3 - 12*w**2 - 2*w + 20. Let t be f(j). What is the highest common factor of t and 155?
31
Let n = 8789 - 8779. Calculate the greatest common factor of 2540 and n.
10
Suppose -25*w + 37857 + 38318 = 0. Calculate the highest common factor of 55 and w.
11
Let s be 1 - (-843597)/135 - 22/(-165). What is the highest common divisor of 375 and s?
125
Let y = -1362 - -2771. Suppose 6*i = 265 + y. Suppose -14*u + i = -29. What is the highest common divisor of 66 and u?
22
Let w be 17*369 + (6 + -5 - -6) - -3. Calculate the greatest common factor of 103 and w.
103
Let o(g) = g**3 + 12*g**2 + 17*g + 63. Let q be o(-11). Let a be (18/15)/(-4*q/1500). What is the highest common factor of 6 and a?
6
Suppose 0 = -2*c + 3*m - 522, 4*c + 3*m - 780 = 7*c. Let t = c + 591. Suppose g = 2*d + 50, 4*g - d = -98 + t. What is the greatest common factor of g and 15?
15
Let i be -3 - -1*(0 + 23). Suppose 2*z - 3*d = -8, 2*z + 2*z = -2*d + 16. Let t be 8 - (4 + -7 + z + -1). Calculate the highest common divisor of t and i.
10
Let x be (-9)/(351/(-9030)) + 6/13. What is the greatest common factor of 21344 and x?
232
Suppose -376230 + 106827 - 198629 = -71*c. Calculate the greatest common factor of 64 and c.
64
Let f(j) = 27*j**2 - 14*j**2 - 3 + 17*j - 12*j**2. Let w be f(-10). Let r = -64 - w. What is the highest common divisor of 9 and r?
9
Let j be (-4)/((-20)/5 - -6). Let r(c) = -38*c - 6. Let y be r(j). Let d = -121 + 226. What is the greatest common factor of y and d?
35
Let y = -14 - -22. Suppose 66*l - 62*l + 244 = 0. Let a = 69 + l. Calculate the highest common divisor of y and a.
8
Let c(a) = -10*a**3 + 8*a**2 + 12*a + 6. Let y be c(-1). Calculate the highest common divisor of 4236 and y.
12
Let h = -14 - -18. Suppose -3*j = h*i - 104, -4*j + 168 = 2*i - 4*i. Let b = -9 - -25. What is the highest common factor of b and j?
8
Let h = 27826 - 27734. Calculate the greatest common divisor of h and 3772.
92
Suppose 0 = 52*b + 1683 - 2682 - 3421. What is the greatest common factor of b and 1615?
85
Suppose -8959 = 1571*o - 1588*o. What is the greatest common factor of o and 51?
17
Let j be (252/(-108))/((-7)/1062). Calculate the greatest common factor of j and 25134.
354
Let y be (0 + 1)/((-13)/(-598)). Let n = -39 + y. Calculate the greatest common factor of 1 and n.
1
Suppose -5*q = -3*q + 2, q + 13 = 4*s. Suppose -s*f + 33 = -2*r + 3*r, -5*r = 5*f - 65. What is the highest common divisor of f and 20?
10
Suppose -10*y + 37 = -11*y. Let g = -21 - y. Suppose -2*a + g + 182 = 3*k, -177 = -3*k + 5*a. What is the highest common divisor of 32 and k?
32
Suppose -12 = -2*z + 42. Let d = z - -1. Calculate the greatest common divisor of d and 56.
28
Suppose j - 17 = h + 2*h, 0 = -5*j + 2*h + 33. Let v = -5 + j. Suppose d = -5*l + 27, v*l - d - 3 = -l. What is the greatest common divisor of 25 and l?
5
Let n be (1/2)/((21/72)/7). Suppose -v = -4*v + n. Suppose 5*s - 3*s = -10, -s - 161 = -v*p. Calculate the greatest common divisor of p and 13.
13
Let w(q) = -9*q - 101. Let p be w(-7). Let v = -36 - p. Calculate the greatest common factor of v and 32.
2
Let v be (1322/(-5) + -4)/(132/(-330)). What is the highest common divisor of 407 and v?
11
Suppose -28 = 12*j - 19*j. Let n be 1/(j + 755/(-190)). What is the highest common divisor of 95 and n?
19
Let h(o) = 1439*o**2 - 1438*o**2 + 0*o + 432 - 11*o. Let b be h(0). Calculate the greatest common divisor of b and 27.
27
Let b = 351 + -162. Let m(w) = 20*w + 122. Let n be m(-4). What is the highest common divisor of n and b?
21
Suppose -68*r - 9408 = -31*r - 45*r. What is the greatest common factor of 105 and r?
21
Suppose -3*d - 872 = -5*h, -3*h + 582 = -0*d - 2*d. Let y = -162 - d. What is the greatest common factor of y and 99?
33
Let u(x) = 4*x - 2. Let d be u(1). Suppose -i - 12 = r + 6, 5*r = d*i + 8. Let q be (i/10 - -3)*(-5)/(-2). Calculate the highest common divisor of 28 and q.
4
Suppose 2*n + 190 - 204 = 0. Let v be n/(28/(-30))*(-8)/6. Let t be 294/30 + 1/5. Calculate the greatest common divisor of v and t.
10
Let k be (-2)/(-6) - (-41)/3. Let i be (-11)/((-66)/4) - (-2)/(-3). Suppose -2*w + 4*f + 20 = i, 4*w + 0*f = -2*f. What is the highest common factor of k and w?
2
Let a be ((-28)/154 + 1124/11)/2. Let n be (-15)/(-45)*3*a. Calculate the greatest common factor of 204 and n.
51
Let o be 6/(-9)*(-1419)/22. Let g = o + -43. Let l be -6*(-9)/21*7 - g. What is the greatest common divisor of l and 63?
9
Let u = -3359 - -6985. What is the greatest common factor of u and 98?
98
Suppose -18 = 174*i - 183*i. Let h be ((-2)/(-4))/((-3)/(-24)). Suppose -h*c = -2*c - i*b - 38, 0 = -3*b. Calculate the highest common factor of c and 57.
19
Let k = -194 + 372. Suppose -k = -39*w + 212. What is the highest common factor of 2 and w?
2
Suppose 6*s - 3*s - 2*p - 685 = 0, 3*p = 5*s - 1144. What is the highest common divisor of 1 and s?
1
Let w = -14498 - -14598. What is the greatest common factor of 3100 and w?
100
Let p = 406 - 390. Let a be 33 + ((-4)/1 - -3). What is the greatest common divisor of p and a?
16
Let a(m) = 2*m**2 + 78*m + 360. Let d be a(-55). What is the greatest common factor of 53 and d?
53
Let v(d) = d**3 + 3*d**2 - 4*d - 11. Let m be v(-3). Let b be (1 - -9)*m/10. What is the greatest common divisor of 3 and b?
1
Let u be 2/(-6)*(-29)/(116/240). Let m be (7 - 1)/(21/14). Let b be 142 + (-24)/11 + m/22. What is the greatest common factor of u and b?
20
Let r(x) = -x**2 - 5*x + 6. Let z be r(-6). Suppose z = s + 2*s - 9. Let w = -207 + 228. What is the greatest common divisor of w and s?
3
Suppose 68100 = -195*q + 288060. What is the greatest common divisor of 3 and q?
3
Suppose 0 = -7*s - 28 + 105. Let n(t) = t**3 + s*t**2 + 3*t - 336 - 3*t**2 + 320. Let r be n(-5). What is the highest common factor of 4 and r?
4
Let j(l) = 62*l - 73. Let k be j(4). Suppose -k = -3*y + 230. Calculate the highest common divisor of 45 and y.
45
Let y(c) = -c**3 - 22*c**2 - 23*c + 16. Let s = -98 - -129. Let r = s - 52. Let o be y(r). What is the greatest common factor of 145 and o?
29
Suppose 40 = 4*k - 2*w, -4*k = k - 4*w - 44. Let q = -7 + k. Suppose -5*h - 3*m = 9 - 64, 5*m = q*h - 55. What is the greatest common factor of h and 44?
11
Suppose -3*z = -0*